 i(s).
-6
Suppose 5*q + 3 = -2*w + 13, 0 = w. Let r(a) = q*a - 3 + a**3 + 7*a**2 - a + 3 - 4. What is r(-7)?
-11
Suppose -240*s + 18 = -237*s. Let d(j) = -2*j + 6. Calculate d(s).
-6
Suppose 577*p + 77 = 584*p. Let c(s) = -s**2 + 10*s + 17. What is c(p)?
6
Suppose 8 = -0*i + 4*i. Suppose 0 = -6*v + i*v + 16, 0 = -2*b - 2*v + 14. Let y(a) = 2*a - a**3 + 2*a**3 + b*a**2 - a. Give y(-2).
2
Let y(n) be the third derivative of -n**5/60 - n**4/6 - n**3/3 - n**2. Let x be (-310 + (10 - 5))*4/10. Let w = x - -117. What is y(w)?
-7
Let q(v) be the second derivative of v**5/120 + v**4/6 + 5*v**3/3 + 5*v. Let h(d) be the second derivative of q(d). Give h(-2).
2
Let o(c) = 5*c**3 - c**2 - c. Suppose -3*s + s + 8 = -3*x, 4 = -2*x. Let d be o(s). Let a(w) = w**3 - 4*w**2 + 4*w. Give a(d).
3
Suppose -3 = -f - j, f - 5*j = -0*f + 21. Let a(b) = -b**2 - 2. What is a(f)?
-38
Let n(o) = 4*o + 7. Let s(k) = 11*k + 20. Let f(r) = -8*n(r) + 3*s(r). Suppose 0 = -6*c - 14*c + 80. Calculate f(c).
8
Let p(m) = m**3 - 2*m**2 + 2*m. Suppose 0*k - 14 = -f + 4*k, -f + 3*k + 11 = 0. Suppose q - 8 = -f*v, -5*v - q = -0*v - 14. What is p(v)?
4
Let x be ((-78)/(-1))/(-6) - -14. Let p(h) = 3*h**3 - h - h**3 + 2*h**2 - h**3. Calculate p(x).
2
Let k(a) be the second derivative of a**3/2 + 33*a**2/2 + 167*a - 3. What is k(-9)?
6
Let l(c) = 3*c + 1. Suppose -n + 245 = 114. Let k = n - 132. What is l(k)?
-2
Suppose 0 = 2*x - 4*q + 28 - 0, -5*x - q = 15. Let j(l) = -2*l**2 - 4*l - 3. Give j(x).
-19
Let p(r) = -r**3 + 4*r**2 + 3*r - 1. Let c be p(4). Let i(d) = -4*d - 168 + d**2 + 173 - 7*d. Let l be i(c). Let x(m) = -m + 8. Determine x(l).
3
Let j(n) = -n**2 - 12*n + 6. Let v(u) = -u**2 - 13*u + 5. Let d(o) = 4*j(o) - 3*v(o). What is d(-7)?
23
Let r(i) be the first derivative of i**2 - 3*i + 165. Let t = -3 + 6. Suppose t*v = -v + d - 17, 4*d - 20 = 0. What is r(v)?
-9
Let b(s) = 7*s**2 + 23*s + 13. Let f(a) = 10*a**2 + 34*a + 20. Let z(p) = -7*b(p) + 5*f(p). Suppose -61*i - 342 = -4*i. Calculate z(i).
-9
Let l(s) = 2*s + 1. Let m(t) = t**3 - 4*t**2 - t + 1. Let h be m(4). Let y be l(h). Let p be -6*y/6*1. Let r(o) = -o**3 + 5*o**2. Determine r(p).
0
Let x(z) = -64*z**2 - 13*z + 12 - 18 + 63*z**2. What is x(-13)?
-6
Let m be (-1)/(2 - 52/24). Let h be m/18*(6 + 0). Suppose o = h*o. Let f(k) = -k**3 + k**2 + k - 2. Give f(o).
-2
Let g be (-207)/(-36) + (-1)/(-4) + 0. Let z(y) = -y**2 - 2 + 0*y**2 - 1 + 6*y. Give z(g).
-3
Suppose 2*d - 4 = -2*d. Let c(z) = z + 4*z - z**2 - 6*z. Let u(b) = -10*b**2 - 3*b. Let w(a) = 3*c(a) - u(a). Give w(d).
7
Let h(s) = s**3 - 4*s**2 + 3*s. Let f = -20 - -22. Suppose 0 = l - f*m - 4, -m + 16 = -5*l - 0*m. Let b be (-6)/l*(-9 - -11). Give h(b).
0
Let a(k) = 8*k - 183. Let v be a(23). Let x(b) = -1 + 19*b - 10*b - 17*b. What is x(v)?
-9
Let n(h) = 2*h**2 + 10*h + 6. Suppose 5*s = -5*o - 40, -2*o - o - s - 16 = 0. What is n(o)?
-2
Let o(x) = 4*x + 5. Let u(y) = 13*y + 12. Let k(h) = -7*o(h) + 2*u(h). Give k(-9).
7
Let x(f) be the third derivative of f**5/20 + f**4/12 + f**3/2 - 3*f**2 - 4. Determine x(-2).
11
Let n(v) = -3*v**2 + 10*v + 4. Let j(l) = -l**2 + 5*l + 2. Let x(p) = 5*j(p) - 2*n(p). Let w = -14 + 8. Determine x(w).
8
Let b = 9 - 10. Let z(d) = -66372*d + 1 + 66374*d - 5*d**3 + d**3. Calculate z(b).
3
Let f be 1/6 - (-57)/(-18)*1. Let k be -3 + f + 3 - -7. Let s(w) = 4 - 1 - 7 - w + 4*w**2 - 3*w**2. Give s(k).
8
Let v(d) = 4*d**2 - 5*d + 5. Let z(u) = u**2 - 3*u + 1. Let g(a) = v(a) - 5*z(a). What is g(9)?
9
Let b(r) = -r - 4. Let i(d) = -d - 3. Suppose -q = q + 4, -q - 6 = -k. Let v(t) = k*i(t) - 3*b(t). Calculate v(7).
-7
Let n(z) = -z**2 - 2*z - 3. Let r = -10 + 10. Suppose r = 5*v - 10*v + 5*f + 30, 2*v = -5*f + 5. Suppose 16 = -4*q, -2*q - 3*q = v*p + 30. What is n(p)?
-3
Let b(o) = o + 9. Let m be b(-7). Suppose m*q + q + 7 = 2*i, -3*q + 7 = 5*i. Let w(l) be the first derivative of -l**3/3 - l**2 + 3*l - 3378. Calculate w(i).
-5
Let r(k) = k**2 - 2*k. Suppose 11 - 35 = -3*b - 5*a, 0 = -2*a + 6. Let c be 8/(-6)*(-2 - b/(-6)). Give r(c).
0
Let g(y) be the second derivative of -y**4/24 - 5*y**3/3 + 7*y**2 + 12*y. Let r(z) be the first derivative of g(z). Calculate r(-5).
-5
Suppose -5*g - 5 = 0, 0*f + 4*f + 2*g = 2. Let k(b) = 3*b**3 - 3*b**2 + 5*b - 3. Determine k(f).
2
Let d(x) be the first derivative of -5 - 1/12*x**4 - 1/120*x**5 - 1/3*x**3 + 0*x + 0*x**2. Let y(z) be the third derivative of d(z). Give y(5).
-7
Let n(g) be the third derivative of -g**6/360 - g**4/4 + 7*g**3/6 - 26*g**2. Let r(x) be the first derivative of n(x). Determine r(0).
-6
Let c(a) = 19 - 83*a + 11*a + 67*a. Give c(14).
-51
Let x(n) = n**3 - 11*n**2 + 32*n + 39. Let r(p) = 2*p**2. Let a(g) = 4*r(g) - x(g). What is a(17)?
-5
Let o(s) be the first derivative of -5*s**2/2 - 9*s - 126. Let h(q) = -q**2 - q - 6. Let x be h(0). Calculate o(x).
21
Let d = 109 + -114. Let g(p) = -p + 9. Let s(h) = 2*h - 9. Let j(b) = -3*g(b) - 2*s(b). Let t be j(d). Let x(v) = v**3 + 5*v**2 + 4*v - 4. Determine x(t).
-4
Let i(l) = 11*l**3 - l. Let d be (11 - (-473)/(-44))*(-2 - -6). What is i(d)?
10
Let n(i) = -i. Suppose 0 = 4*l + 3*o + 2*o - 66, 0 = 3*o - 6. Let w = l - 11. Give n(w).
-3
Let x be 6/(-2 - 1)*(-6)/(-4). Let n(q) = -6*q - 3. Calculate n(x).
15
Let d(u) be the third derivative of -u**6/120 + u**5/20 - u**3 - 83*u**2. Calculate d(3).
-6
Let f be 5 - (-7 - (-5)/1). Suppose -4*g + f*g = 0. Let p(j) be the first derivative of -j**4/4 + 1. Determine p(g).
0
Let v(p) be the first derivative of -p**3/3 - 8*p**2 + 4*p + 138. Give v(-13).
43
Let a(x) be the first derivative of -x**2/2 + 4*x - 128. Calculate a(7).
-3
Let n(c) be the second derivative of c**3/6 + 5*c**2 + 42*c + 2. Calculate n(-7).
3
Let v(u) = u**3 + 4*u**2 - 4*u - 5. Suppose -f = -54 + 30. Suppose -2*c + 4*s - 14 = 10, -2*s + f = -4*c. What is v(c)?
11
Let w(v) = -v**2 - v + 7. Suppose -189 = -14*r + 35. Suppose c + 2*c - g = -r, 0 = 3*c - 3*g + 18. Calculate w(c).
-13
Suppose 2*m - 34 = 3*y, 26 = -4*y + 2*y - 2*m. Let s = y + 6. Let j(d) = 3 - 12 + d + 5. What is j(s)?
-10
Let i(m) be the second derivative of -m**4/12 + 7*m**3/6 - 9*m**2/2 - 24*m + 3. What is i(6)?
-3
Suppose -107*x = -24*x + 249. Let a(w) = -2*w**3 - 6*w**2 - 7*w - 3. Determine a(x).
18
Let m(c) = 12 - 10*c + 32*c**2 - 21*c**3 - 18*c**2 + 20*c**3. Calculate m(13).
51
Let f(j) = j**2 - 8. Let x be f(3). Let m(s) = 0*s**2 - 2*s + 5*s**2 - s**2. Let c(k) = -k**2 + 1. Let h(p) = x*c(p) + m(p). Calculate h(1).
2
Let j be ((-15)/(-3))/(0 - 1). Let m be (0 - 0)/(-7 + 9). Let h(u) = m*u - 3*u - 7*u**2 - 4*u + 6*u**2. What is h(j)?
10
Let a(n) be the first derivative of 3*n**2 - n + 23 - 1/3*n**3. Suppose 5 = -4*v + 21. What is a(v)?
7
Let p = -23 + 13. Let r = p + 15. Let i(l) = -l**2 + 1 - r*l - l + 3*l + 3. Give i(-3).
4
Let j(z) = 0 - 4*z - 2 - 3*z. Let g(s) = -s**3 + 6*s + 2. Let p(u) = 3*u**3 + u**2 - 17*u - 6. Let y(q) = -7*g(q) - 2*p(q). Let b be y(4). Give j(b).
12
Let x(g) = -5*g - 128. Let l be x(-28). Let f(k) = -k**2 + 15*k - 13. Give f(l).
23
Let j(v) = -5*v**2 + 860*v + 4*v**2 - 854*v + 1. Determine j(5).
6
Let q(b) = -5*b + 13. Suppose -2*p = -6*p + 16. Let n(r) = r - 3. Let t(j) = p*q(j) + 18*n(j). Calculate t(2).
-6
Let a(g) = -g**2 + 7*g - 9. Let k(v) = -v**2 + 7*v - 9. Let r(n) = 5*a(n) - 4*k(n). Let m(j) = 3*j**2 - 63*j + 120. Let o be m(2). Calculate r(o).
-3
Let o(f) = -f**2 - f - 3. Let b be (-3)/(-7) + 75/(-175). Calculate o(b).
-3
Let y(g) = -2*g - 1. Let p be (-1 - 1)*(-7 + 49). Let w be (-2)/7 + (-192)/p. Let l be y(w). Let h(z) = 3*z + 1. Calculate h(l).
-14
Let j(u) = u - 7. Let n(z) = 14 + 0 - 2*z + 20 + 8. Let y be n(19). Determine j(y).
-3
Let v(q) = 11*q**3 + 9*q**2 - 23*q - 17. Let w(x) = -15*x**3 - 12*x**2 + 31*x + 23. Let s(z) = -11*v(z) - 8*w(z). Give s(-5).
28
Let v be -1*24/16*-6*1. Suppose v*x = 4*x + 20. Let l(o) = -o**3 + 2*o**2 + 5*o - 5. Determine l(x).
-17
Let v(y) = y**3 - 1. Let n(m) = -6*m + 6. Let k be n(8). Let s = k - -43. Determine v(s).
0
Let x(k) = -5*k - 6. Suppose -b = -4*b - 2*p - 24, -4*p - 36 = 4*b. Give x(b).
24
Let t(p) be the first derivative of p**4/4 - 3*p**3 + 1. Let z be t(9). Suppose z + 3 = 3*x. Let a(d) = 2*d**2 + d. Calculate a(x).
3
Let w(a) = -2*a**3 + 17*a**2 - 41*a - 3. Let k(t